{"id":7845,"date":"2017-10-28T21:37:17","date_gmt":"2017-10-28T19:37:17","guid":{"rendered":"https:\/\/www.misterunique.de\/?page_id=7845"},"modified":"2025-05-24T23:35:18","modified_gmt":"2025-05-24T21:35:18","slug":"advertisingpr","status":"publish","type":"page","link":"https:\/\/www.misterunique.de\/?page_id=7845&lang=de","title":{"rendered":"Advertising\/PR"},"content":{"rendered":"<div class=\"wpb-content-wrapper\"><p>[vc_row][vc_column width=&#8220;1\/2&#8243;][vc_single_image image=&#8220;61820&#8243; img_size=&#8220;large&#8220; css=&#8220;&#8220;][vc_column_text css=&#8220;&#8220;]<\/p>\n<p class=\"\" data-start=\"969\" data-end=\"1204\"><strong data-start=\"294\" data-end=\"310\">\ud83e\udded \u00dcber mich<\/strong><br data-start=\"310\" data-end=\"313\" \/>Ich bin Oliver \u2013 besser bekannt als <em data-start=\"349\" data-end=\"364\">Mister UniQue<\/em>. Als leidenschaftlicher Reisefilmer und Content Creator nehme ich meine Community mit auf spannende Abenteuer rund um die Welt. Meine Mission: Menschen inspirieren, Neues zu entdecken, Kulturen zu erleben und epische Momente festzuhalten.<\/p>\n<p class=\"\" data-start=\"1446\" data-end=\"1474\"><strong data-start=\"1446\" data-end=\"1472\">\ud83d\udcc8 Warum MisterUniQue?<\/strong><\/p>\n<ul data-start=\"1475\" data-end=\"1630\">\n<li class=\"\" data-start=\"1475\" data-end=\"1505\">\n<p class=\"\" data-start=\"1477\" data-end=\"1505\">Authentisches Storytelling<\/p>\n<\/li>\n<li class=\"\" data-start=\"1506\" data-end=\"1548\">\n<p class=\"\" data-start=\"1508\" data-end=\"1548\">Hohe Reichweite &amp; organisches Wachstum<\/p>\n<\/li>\n<li class=\"\" data-start=\"1549\" data-end=\"1578\">\n<p class=\"\" data-start=\"1551\" data-end=\"1578\">Zielgruppenaffine Inhalte<\/p>\n<\/li>\n<li class=\"\" data-start=\"1579\" data-end=\"1630\">\n<p class=\"\" data-start=\"1581\" data-end=\"1630\">Leidenschaft f\u00fcr Qualit\u00e4t, \u00c4sthetik und Abenteuer<\/p>\n<\/li>\n<\/ul>\n<hr class=\"\" data-start=\"1632\" data-end=\"1635\" \/>\n<p class=\"\" data-start=\"1637\" data-end=\"1791\"><strong data-start=\"1637\" data-end=\"1651\">\ud83d\udce9 Kontakt<\/strong><br data-start=\"1651\" data-end=\"1654\" \/>Oliver | MisterUniQueOnTour<br data-start=\"1681\" data-end=\"1684\" \/>\u2709\ufe0f <a href=\"mailto:mr_unique@gmx.de\">mr_unique@gmx.de<\/a><br \/>\n\ud83c\udf0d <a class=\"\" href=\"http:\/\/www.misterunique.de\" target=\"_new\" rel=\"noopener\" data-start=\"1713\" data-end=\"1732\">www.misterunique.de<\/a><br data-start=\"1732\" data-end=\"1735\" \/>\ud83d\udcf1 Instagram: @misterunique<br data-start=\"1762\" data-end=\"1765\" \/>\ud83c\udfa5 YouTube: MrUniqueOnTour<\/p>\n<p><strong><span style=\"font-size: 21px;\">\u00a0<\/span><\/strong>[\/vc_column_text][\/vc_column][vc_column width=&#8220;1\/2&#8243;]\r\n            <div class=\"text-seperator2 text-seperator2-align-left \">\r\n                <div class=\"text-seperator2-holder\">\r\n                    <div class=\"text-seperator2-line\" style=\"\"><\/div>\r\n                <\/div>\r\n                <div class=\"text-seperator2-content\">\r\n                    <h3 class=\"text-seperator2-content-heading size-24px\" style=\";\">\r\n                        Advertising\/PR                    <\/h3>\r\n                <\/div>\r\n                <div class=\"text-seperator2-holder\">\r\n                    <div class=\"text-seperator2-line\" style=\"\"><\/div>\r\n                <\/div>\r\n            <\/div>\r\n\r\n        [vc_empty_space][vc_column_text css=&#8220;&#8220;]<span style=\"color: #e09d38;\"><strong><span style=\"font-size: 21px;\">MisterUniQueOnTour | Media Kit<br \/>\n<\/span><\/strong><span style=\"font-size: 16px;\">Abenteuer weltweit. Authentisch erz\u00e4hlt.<\/span><\/span><strong><span style=\"font-size: 21px;\"><br \/>\n<\/span><\/strong><\/p>\n<p class=\"\" data-start=\"612\" data-end=\"631\"><strong data-start=\"612\" data-end=\"629\">\ud83c\udfa5 Kanalinfos<\/strong><\/p>\n<ul data-start=\"632\" data-end=\"837\">\n<li class=\"\" data-start=\"632\" data-end=\"680\">\n<p class=\"\" data-start=\"634\" data-end=\"680\"><strong data-start=\"634\" data-end=\"646\">YouTube:<\/strong> <a class=\"\" href=\"http:\/\/www.youtube.com\/@MrUniqueOnTour\" target=\"_new\" rel=\"noopener\" data-start=\"647\" data-end=\"678\">www.youtube.com\/@MrUniqueOnTour<\/a><\/p>\n<\/li>\n<li class=\"\" data-start=\"681\" data-end=\"706\">\n<p class=\"\" data-start=\"683\" data-end=\"706\"><strong data-start=\"683\" data-end=\"698\">Abonnenten:<\/strong> 4.260<\/p>\n<\/li>\n<li class=\"\" data-start=\"707\" data-end=\"737\">\n<p class=\"\" data-start=\"709\" data-end=\"737\"><strong data-start=\"709\" data-end=\"727\">Gesamtaufrufe:<\/strong> 964.781<\/p>\n<\/li>\n<li class=\"\" data-start=\"738\" data-end=\"771\">\n<p class=\"\" data-start=\"740\" data-end=\"771\"><strong data-start=\"740\" data-end=\"754\">Top-Video:<\/strong> 170.000+ Views<\/p>\n<\/li>\n<li class=\"\" data-start=\"772\" data-end=\"804\">\n<p class=\"\" data-start=\"774\" data-end=\"804\"><strong data-start=\"774\" data-end=\"788\">Instagram:<\/strong> @misterunique<\/p>\n<\/li>\n<li class=\"\" data-start=\"805\" data-end=\"837\">\n<p class=\"\" data-start=\"807\" data-end=\"837\"><strong data-start=\"807\" data-end=\"819\">Website:<\/strong> misterunique.de<\/p>\n<\/li>\n<\/ul>\n<hr class=\"\" data-start=\"839\" data-end=\"842\" \/>\n<p class=\"\" data-start=\"844\" data-end=\"863\"><strong data-start=\"844\" data-end=\"861\">\ud83c\udf0d Zielgruppe<\/strong><\/p>\n<ul data-start=\"864\" data-end=\"1011\">\n<li class=\"\" data-start=\"864\" data-end=\"886\">\n<p class=\"\" data-start=\"866\" data-end=\"886\">Alter: 18\u201345 Jahre<\/p>\n<\/li>\n<li class=\"\" data-start=\"887\" data-end=\"943\">\n<p class=\"\" data-start=\"889\" data-end=\"943\">L\u00e4nder: DACH-Raum (Deutschland, \u00d6sterreich, Schweiz)<\/p>\n<\/li>\n<li class=\"\" data-start=\"944\" data-end=\"1011\">\n<p class=\"\" data-start=\"946\" data-end=\"1011\">Interessen: Reisen, Abenteuer, Outdoor, Fotografie, Videografie<\/p>\n<\/li>\n<\/ul>\n<hr class=\"\" data-start=\"1013\" data-end=\"1016\" \/>\n<p class=\"\" data-start=\"1018\" data-end=\"1046\"><strong data-start=\"1018\" data-end=\"1044\">\u2728 Bisherige Highlights<\/strong><\/p>\n<ul data-start=\"1047\" data-end=\"1185\">\n<li class=\"\" data-start=\"1047\" data-end=\"1077\">\n<p class=\"\" data-start=\"1049\" data-end=\"1077\">104 ver\u00f6ffentlichte Videos<\/p>\n<\/li>\n<li class=\"\" data-start=\"1078\" data-end=\"1124\">\n<p class=\"\" data-start=\"1080\" data-end=\"1124\">Durchschnittliche Video-Views: 2.500\u20135.000<\/p>\n<\/li>\n<li class=\"\" data-start=\"1125\" data-end=\"1185\">\n<p class=\"\" data-start=\"1127\" data-end=\"1185\">Community mit hohem Engagement (Kommentare, Likes, Shares)<\/p>\n<\/li>\n<\/ul>\n<hr class=\"\" data-start=\"1187\" data-end=\"1190\" \/>\n<p class=\"\" data-start=\"1192\" data-end=\"1226\"><strong data-start=\"1192\" data-end=\"1224\">\ud83e\udd1d Kooperationsm\u00f6glichkeiten<\/strong><\/p>\n<ul data-start=\"1227\" data-end=\"1439\">\n<li class=\"\" data-start=\"1227\" data-end=\"1286\">\n<p class=\"\" data-start=\"1229\" data-end=\"1286\">YouTube-Integration (Sponsor-Nennung, Logo, Verlinkung)<\/p>\n<\/li>\n<li class=\"\" data-start=\"1287\" data-end=\"1328\">\n<p class=\"\" data-start=\"1289\" data-end=\"1328\">Instagram-Stories &amp; Posts mit Tagging<\/p>\n<\/li>\n<li class=\"\" data-start=\"1329\" data-end=\"1378\">\n<p class=\"\" data-start=\"1331\" data-end=\"1378\">Blog-Artikel &amp; Verlinkung auf misterunique.de<\/p>\n<\/li>\n<li class=\"\" data-start=\"1379\" data-end=\"1411\">\n<p class=\"\" data-start=\"1381\" data-end=\"1411\">Flight\/Hotel\/Service Reviews<\/p>\n<\/li>\n<li class=\"\" data-start=\"1412\" data-end=\"1439\">\n<p class=\"\" data-start=\"1414\" data-end=\"1439\">Behind-the-Scenes-Inhalte<\/p>\n<\/li>\n<\/ul>\n<p>[\/vc_column_text][vc_single_image image=&#8220;61821&#8243; img_size=&#8220;large&#8220; css=&#8220;&#8220;][vc_single_image image=&#8220;21839&#8243; img_size=&#8220;large&#8220; css=&#8220;&#8220;][\/vc_column][\/vc_row][vc_row][vc_column][vc_video link=&#8220;https:\/\/youtu.be\/VoCE1FWOh30?si=o2-xIs5b-33Q_Ktx&#8220; css=&#8220;&#8220;][\/vc_column][\/vc_row]<\/p>\n<\/div>","protected":false},"excerpt":{"rendered":"<p>[vc_row][vc_column width=&#8220;1\/2&#8243;][vc_single_image image=&#8220;61820&#8243; img_size=&#8220;large&#8220; css=&#8220;&#8220;][vc_column_text css=&#8220;&#8220;] \ud83e\udded \u00dcber michIch bin Oliver \u2013 besser bekannt als Mister UniQue. Als leidenschaftlicher Reisefilmer und Content Creator nehme ich meine Community mit auf spannende Abenteuer rund um die Welt. Meine Mission: Menschen inspirieren, Neues zu entdecken, Kulturen zu erleben&#8230;<\/p>\n","protected":false},"author":1,"featured_media":0,"parent":0,"menu_order":0,"comment_status":"closed","ping_status":"closed","template":"","meta":{"footnotes":""},"class_list":["post-7845","page","type-page","status-publish","hentry"],"jetpack_shortlink":"https:\/\/wp.me\/P6UJkf-22x","jetpack-related-posts":[],"jetpack_sharing_enabled":true,"_links":{"self":[{"href":"https:\/\/www.misterunique.de\/index.php?rest_route=\/wp\/v2\/pages\/7845","targetHints":{"allow":["GET"]}}],"collection":[{"href":"https:\/\/www.misterunique.de\/index.php?rest_route=\/wp\/v2\/pages"}],"about":[{"href":"https:\/\/www.misterunique.de\/index.php?rest_route=\/wp\/v2\/types\/page"}],"author":[{"embeddable":true,"href":"https:\/\/www.misterunique.de\/index.php?rest_route=\/wp\/v2\/users\/1"}],"replies":[{"embeddable":true,"href":"https:\/\/www.misterunique.de\/index.php?rest_route=%2Fwp%2Fv2%2Fcomments&post=7845"}],"version-history":[{"count":9,"href":"https:\/\/www.misterunique.de\/index.php?rest_route=\/wp\/v2\/pages\/7845\/revisions"}],"predecessor-version":[{"id":62314,"href":"https:\/\/www.misterunique.de\/index.php?rest_route=\/wp\/v2\/pages\/7845\/revisions\/62314"}],"wp:attachment":[{"href":"https:\/\/www.misterunique.de\/index.php?rest_route=%2Fwp%2Fv2%2Fmedia&parent=7845"}],"curies":[{"name":"wp","href":"https:\/\/api.w.org\/{rel}","templated":true}]}}